divisor of u and n?
9
Suppose 0 = 5*p + 3*a + 2*a - 105, -2*a = 3*p - 60. Suppose -6*v - 2 = -14. Let t be 1/(v/40) + -2. Calculate the greatest common divisor of t and p.
18
Suppose 245 = c - 3*a + 8*a, -5*c - 5*a + 1145 = 0. What is the highest common divisor of 25 and c?
25
Let x = 151 + -71. Suppose -7 = -2*m + 89. Calculate the greatest common factor of x and m.
16
Let h be (-1 - 2)*(4 - 5). Let g be (-1 - h - -18)/(-2). Let f = g + 17. Calculate the greatest common divisor of 90 and f.
10
Let g = -1479 - -1607. Calculate the greatest common factor of g and 32.
32
Let m(s) = -s**2 - 5*s. Let h be m(-4). Suppose h*q = 71 + 89. What is the greatest common divisor of q and 60?
20
Suppose 0 = -5*r + d + 23, -3*d - 5 = -2*r - 1. Suppose -g - 12 = -4*g. Suppose x - g = 6. What is the highest common factor of x and r?
5
Suppose q - 48 = -o - 3*o, o - 4*q + 5 = 0. Calculate the greatest common divisor of 1 and o.
1
Let j be (-27)/(-5) + 62/(-155). Suppose -6*y + 99 = -y - 2*b, -4*b = j*y - 117. What is the highest common divisor of 105 and y?
21
Let y(u) = 8*u - 17. Let b be y(10). What is the greatest common divisor of 9 and b?
9
Let b(v) = v - 32. Let c be b(39). Calculate the greatest common factor of 14 and c.
7
Suppose -2*c - 5*h + 2*h + 23 = 0, 4*c - 5*h = 35. Let w = c - 6. Calculate the greatest common divisor of w and 28.
4
Suppose 301*z = 288*z + 78. What is the greatest common factor of 15 and z?
3
Suppose -2*c + 35 = r, 4*r + 3*c = 2*r + 69. What is the greatest common factor of 165 and r?
33
Let f = 309 - 234. Calculate the highest common factor of f and 5.
5
Let t = 5 - 2. Let y(b) = b**2 - 2*b - 15. Let v be y(-7). Let a be (1/(-2))/((-1)/v). What is the greatest common factor of a and t?
3
Let q(k) = k - 8. Let t be q(13). Suppose -4*c + 2*c = n - 160, 2*c - t*n = 160. What is the highest common factor of 10 and c?
10
Let a(m) = 3*m**2 - 2*m - 4. Let s be a(2). Let y = 2 - -3. Suppose -11 = y*c - 2*o - 83, -2*c + s*o + 32 = 0. Calculate the highest common divisor of 14 and c.
14
Let x(z) = 11*z + 317. Let p be x(-12). What is the highest common factor of 40 and p?
5
Suppose -14*c + 1338 = -2470. Calculate the highest common divisor of 32 and c.
16
Let q(l) = -4*l - 7. Let n be q(-10). Let i = n + -56. Let v = -4 - i. What is the highest common factor of 209 and v?
19
Let m(f) = -25 - 40 - 37*f + 56*f. Let j be m(10). Calculate the highest common divisor of j and 5.
5
Let k be 9*((-3)/9 + 1). Let m be (34/10)/(k/30) + -3. Suppose -5*i + 4 = -6. What is the highest common factor of m and i?
2
Suppose -r = 9 - 18. Let o be -4 + (r/6)/((-12)/(-80)). Calculate the greatest common factor of o and 6.
6
Let d(w) = w**3 + 15*w**2 + 38*w + 33. Let f be d(-12). What is the highest common divisor of f and 225?
9
Suppose -132 = 17*g - 20*g. Let w = g - 17. What is the highest common factor of w and 36?
9
Let v = -1028 + 1380. What is the highest common factor of v and 32?
32
Let u be 5 + 54/(-9) + 2. Calculate the greatest common divisor of 61 and u.
1
Let a = -7235 + 7286. Let r(f) = 18*f - 1. Let m be r(1). What is the highest common divisor of m and a?
17
Suppose 103*o + 64 = 111*o. What is the greatest common divisor of 14 and o?
2
Suppose 2*u + 29 = -z - 75, -52 = u - z. Let r = u + 56. What is the highest common factor of r and 28?
4
Let t(x) = -x**3 + x**2 - x + 1. Let z(u) = 99*u**3 - 5*u**2 + 4*u. Let b(s) = -3*t(s) - z(s). Let v be b(-1). Calculate the greatest common factor of v and 12.
12
Let a be 3/2*(-16632)/(-162). Calculate the greatest common divisor of 28 and a.
14
Suppose 0 = -2*h + 10, 4*h = -p - 2*p + 29. Let d be (1 + (-43)/p)*(-9)/3. Calculate the greatest common factor of d and 360.
40
Suppose -p = 3, -y - 4*p - 208 = -p. Let s be (-48)/(-84) - y/7. What is the highest common factor of s and 145?
29
Let b be (-30)/(-12)*9 - (-1)/2. Let a = b - -52. What is the highest common divisor of 50 and a?
25
Let k be (-4)/18 + (-260)/(-36). Let r(g) = g**3 + 41*g**2 - 44*g - 63. Let n be r(-42). Calculate the highest common factor of k and n.
7
Let f be 7/(16/4 + -3). Let c be (f/(-4))/((-9)/72). What is the greatest common divisor of c and 14?
14
Suppose -3*t + n = -t, -3*n = 5*t - 22. Suppose t = -5*i + 17. What is the greatest common factor of 15 and i?
3
Suppose -2*d + 241 = 33. Suppose a + 5*h - 3 - 22 = 0, a = 2*h - 3. Suppose a*w = -c + 28 + 10, -2*w + 49 = 3*c. Calculate the highest common factor of c and d.
13
Let o be (-1)/2 + (721/(-2))/7. Let l be 2/1 + o/(-1). What is the greatest common divisor of 18 and l?
18
Suppose 5*n - 345 = 20. Let q = n + -31. Suppose 16*i - 70 = 11*i. What is the greatest common factor of i and q?
14
Let p be -16*(14/(-4) - -3). Let f be (p + -7)*-1*55. Let n be -1 - f - (4 + 0). Calculate the highest common divisor of 20 and n.
10
Let g be ((-24)/21)/(4/(-14)). Let n(y) = 0 + 1 - 1 - y**2 - 7*y - g. Let v be n(-6). Calculate the greatest common factor of 6 and v.
2
Let y = 3331 - 2924. Suppose 0 = -3*u + u + 10, -z + 2*u = -27. Calculate the highest common factor of z and y.
37
Suppose 252 = 10*n - 7*n. Let g = -183 + n. Let h = 56 - g. Calculate the highest common divisor of h and 31.
31
Suppose 3*y + 86 = 311. Suppose y - 11 = 2*z + 2*u, -5*z + 3*u + 192 = 0. What is the greatest common divisor of z and 252?
36
Suppose -10 = -5*s - 2*q, 4*s - q + 0*q = 21. Let x = s - 2. Let h be (-46)/(-10) + 4/10. Calculate the greatest common factor of x and h.
1
Let b(g) = g**2 - 4*g - 5. Let d be b(5). Suppose d = -23*j + 24*j - 40. What is the greatest common divisor of j and 10?
10
Let g(a) = 2*a**3 - 5*a**2 + a + 4. Let h be g(3). Suppose 0*i - h = -4*i. Let r be i/6 + 395/15. What is the greatest common factor of r and 9?
9
Let f be (-101*(2 - 1))/((-1)/2). Let v be (-24)/60 + f/5. Calculate the greatest common factor of 5 and v.
5
Let g(w) = -121*w - 48. Let a be g(-3). What is the highest common factor of 35 and a?
35
Suppose -36 = j + 23. Let v = -34 - j. Let r = 46 - v. Calculate the highest common divisor of 14 and r.
7
Suppose 0 = 3*p + 12, 4*p + 18 = 5*d - 38. What is the greatest common factor of d and 52?
4
Suppose 16*s = 20*s - 148. What is the greatest common divisor of s and 259?
37
Let r(n) = -2*n + 54. Let c be r(-9). Let a(l) = -2*l**2 - 10*l + 1. Let z be a(-7). Let j be 12*6/z*-3. What is the greatest common factor of j and c?
8
Let c = 0 - -4. Suppose -3*a + 161 = -2*f + 34, 4*a - 3*f - 168 = 0. Let j be a/4 - (-45)/60. Calculate the greatest common factor of c and j.
4
Let j(w) = w**2 - 6*w. Let k be j(7). Let t(h) = -h**3 + 7*h**2 + 5*h + 1. Let q be t(k). Calculate the highest common divisor of 4 and q.
4
Let f(c) = 4*c**3 - c. Let x = -27 - -31. Let g be (1 - 0) + 8/x. Let j be f(g). What is the highest common factor of j and 15?
15
Suppose -3*p + 3 + 3 = 0. Let n(w) = 3*w**p + 9*w - 10*w + 5*w**2. Let c be n(1). Calculate the greatest common divisor of 77 and c.
7
Let l be (24/2)/((-9)/(-6)). Let r be (-2)/3 + 436/6. What is the highest common divisor of l and r?
8
Let b be (176/(-10))/(93/(-465)). What is the greatest common divisor of b and 341?
11
Suppose 43*h - 125 = 42*h - 5*o, -5*h + 517 = -2*o. Calculate the greatest common factor of 70 and h.
35
Suppose 9 = -4*j + 5, 62 = 4*c - 2*j. Let m be 9/(-3 + 0) + 138. What is the greatest common divisor of c and m?
15
Let c(g) = -g. Let b be c(-6). Let l(h) = 2*h**3 + 11*h**2 + 2*h - 6. Let f be l(-5). Calculate the highest common divisor of f and b.
3
Let a(w) = w**3 - w**2 - 3*w + 16. Let r be a(0). Let f = 148 - 84. What is the greatest common divisor of f and r?
16
Let h be -1 + 38 + (-24)/((-56)/(-7)). What is the greatest common factor of h and 68?
34
Let x(a) = a**3 - 15*a**2 + 22*a. Let g be x(13). Let n = g - -60. What is the greatest common divisor of 32 and n?
8
Suppose 2 = -2*y, -272 - 99 = -3*b + 2*y. What is the highest common factor of b and 41?
41
Suppose 3*l = -3 - 3. Let i(x) = -35*x. Let v be i(l). Let f(p) = 5*p + 25. Let m be f(-3). What is the greatest common factor of v and m?
10
Suppose 2*w = 5*v - 5, -9*v + 4*v - w = 10. Let k be (-35)/(-28) + v - (-71)/4. Calculate the highest common divisor of k and 18.
18
Let b be (15/2)/((-6)/(-56)). Let a be 11/(-33) - 215/(-15). Calculate the greatest comm